 prime factors of c?
2, 13, 229
Suppose -77*m - 15386 = -78*m. List the prime factors of (2/8)/(m/5128 - 3).
641
Let a be (13 + -11)/(2/1841). Suppose 0*d = -7*d + a. List the prime factors of d.
263
Let a(h) = -8*h - 42. Let g be a(-8). List the prime factors of (-1 - -185)*(77/g)/7.
2, 23
Suppose 96*b = 87*b + 6489. Let c = -355 + b. What are the prime factors of c?
2, 3, 61
Suppose 0 = -15*c + 787417 - 158272. What are the prime factors of ((-3)/8)/(-1) + c/24?
2, 19, 23
Let j(o) = -1585*o - 1988. What are the prime factors of j(-6)?
2, 3761
Suppose 13*j = 18*j - 90. Suppose a = -i + 499, 0 = -j*i + 15*i + 4*a + 1476. List the prime factors of i.
2, 31
Suppose -2*x = -8*d - 5*x + 55380, -4*d = 4*x - 27700. List the prime factors of d.
3, 769
Suppose 205*c = 208*c. Suppose c = -k + 75 - 27. What are the prime factors of k?
2, 3
Suppose 115*r - 118*r + 6 = 0. Suppose 0*g = n - 4*g - 250, 5*n + r*g - 1162 = 0. What are the prime factors of n?
2, 3, 13
Let f = 132 - 139. What are the prime factors of f - 500/(-70) - 11590/(-14)?
2, 3, 23
What are the prime factors of (41 - -20)/((-2)/(-642)) - 6?
3, 5, 29
Suppose 4*b - 6*b - 10 = 0, 0 = -s + 5*b + 29. Suppose o + p = -4*o + 578, s*p - 12 = 0. List the prime factors of o.
5, 23
Let s(p) = p**3 + 42*p**2 + 15*p + 65. Let l be s(-26). Suppose -15*i + 10809 = -l. List the prime factors of i.
2, 5, 71
Let i(d) = 398*d + 230. List the prime factors of i(9).
2, 953
Let p = 15753 + 740. List the prime factors of p.
16493
Let v = 2754 - 2254. List the prime factors of v.
2, 5
Suppose 2532 = -10*o + 10022. Let m = o + -620. List the prime factors of m.
3, 43
What are the prime factors of (-28)/18 + 17584768/423?
2, 5, 4157
Let s = 625 + -448. Let v = s - -174. List the prime factors of v.
3, 13
Let j = -2629 - -7511. What are the prime factors of j?
2, 2441
Suppose 0 = 3*k - 6, 8 = 2*l - 4*k - k. Suppose -l*w + 4*w - 780 = -5*q, 4*q - 2*w = 624. List the prime factors of q.
2, 3, 13
Let o = 12 - 10. Suppose -o*c = -5*p + 3*c + 35, -2*p = -3*c - 19. What are the prime factors of ((-6)/p)/((-5)/45)?
3
Suppose -24*j = -38*j + 35140. What are the prime factors of j?
2, 5, 251
Let n be 2/(-14) + 44620/(-35) + -7. Let i = -214 - n. What are the prime factors of i?
2, 3, 89
Let q = -52 + 53. Let m = q - -2. Suppose m*a = -3*i + 405, -a - 3*a + 539 = 3*i. List the prime factors of a.
2, 67
Suppose -4*k - 5*f = 45 - 1, 2*k - 3*f = 0. Let u(g) = -g**3 - 7*g**2 - 7*g - 2. Let h be u(k). List the prime factors of ((-424)/(-5))/(h/10).
2, 53
Let h = 8191 + 17782. List the prime factors of h.
19, 1367
Suppose -89*a - 12*a - 23*a + 3227100 = 0. List the prime factors of a.
3, 5, 347
Let v = 373 - 361. Suppose -v*n = -7*n - 3590. List the prime factors of n.
2, 359
Suppose 10*z + 101 - 41 = 0. What are the prime factors of 11/((-33)/z) - -243?
5, 7
Let p(i) = i**3 + 68*i**2 + 50*i - 129. List the prime factors of p(-66).
3, 587
List the prime factors of (-203)/(-9) - ((-2208)/108 + 20).
23
Suppose u + 60 = -3*u - 2*r, 5*u = -2*r - 76. Let j be (-35)/(-10)*u/(-14). List the prime factors of (4*(-796)/(-32))/(2/j).
199
Suppose 22 = g + 5*t, g - t + 14 = 6*g. Suppose -g*l - 69 = -5*v - 23, 0 = -2*v + 3*l + 14. Suppose v*w = 9*w + 49. List the prime factors of w.
7
Let o = -1479 + 4373. What are the prime factors of o?
2, 1447
Suppose 0 = c + m + 1877, m - 5627 = 6*c - 3*c. List the prime factors of (-12)/(-21)*c/(-8).
2, 67
Suppose 5*j - 14*b = -18*b + 20, 2*b = 3*j - 12. Suppose -j*k + 2*a + 1748 = -106, -3*k - 4*a + 1363 = 0. List the prime factors of k.
461
List the prime factors of ((-2848)/(-890))/(0 + (-4714)/(-4710) + -1).
2, 3, 157
Suppose -5*t = 10, -3*t - 4 = -c - 5*t. Suppose 3*h + 4751 = c*q - 3*q, 949 = q - h. List the prime factors of q.
2, 7, 17
List the prime factors of 108/144 + 54586/8 - -4.
2, 3, 569
Suppose -2*v - 12*v = 4*v. Let a be (3 - 1)/((-8)/(-12)). Let s = a + v. List the prime factors of s.
3
Let a(d) be the third derivative of d**6/120 - 3*d**5/10 - d**4/12 + 65*d**3/6 - 131*d**2. List the prime factors of a(19).
2, 97
Let d be (285/20)/((-3)/48) + -2. Let x = d + 1301. List the prime factors of x.
3, 7, 17
Let r = -61 - -65. Suppose 17 = u - 3*a, 0*u = -r*u + a + 13. Suppose 3*w - u*x - 173 = -0*w, 5*w + 5*x - 255 = 0. List the prime factors of w.
5, 11
Suppose 0 = 4*y - 5*r - 44988, 27*y - 56272 = 22*y - 3*r. What are the prime factors of y?
2, 29, 97
Let z be (-12649)/(-39) - (-2)/(-6). Suppose -2*n - 468 = -3*i + n, -5*n - z = -2*i. List the prime factors of i.
2, 19
Let j = 41231 - 5702. What are the prime factors of j?
3, 13, 911
Let n be (-1)/(20/8 - 2). Let x(a) = -58*a**3 - 2*a**2 + a + 2. What are the prime factors of x(n)?
2, 3, 19
Let v(s) = -5334*s - 5205. What are the prime factors of v(-5)?
3, 5, 53
Suppose 28 = 4*r + 4. Let d(i) = 7*i + 28. Let h be d(r). Let f = 29 + h. What are the prime factors of f?
3, 11
Suppose -645047 - 226145 = -47*j. What are the prime factors of j?
2, 7, 331
Let h be 5 - 0*1/(-6). List the prime factors of (2*(-8)/h)/(14/(-2135)).
2, 61
Let u(j) = -j**3 + 11*j**2 + j - 30. Let k be u(-10). Suppose 8*c + 5*o + 1050 = 9*c, 2*c - 2*o = k. List the prime factors of c.
5, 41
Let w(i) = 34*i**2 + 6*i + 7. Let j be w(-2). Let d = j + -148. Let f = d + 195. What are the prime factors of f?
2, 89
Let o(f) = 123*f**2 + 33*f + 118. List the prime factors of o(-3).
2, 563
Let a = 3829 + 218. What are the prime factors of a?
3, 19, 71
Let i = 15464 + -10107. List the prime factors of i.
11, 487
Suppose -7*v + 8 = -76. Let c be (-9)/v - (63/(-12))/7. Suppose q + 8*q - 405 = c. List the prime factors of q.
3, 5
Let v(z) = z**2 + 19*z - 38. Let h be v(-21). Suppose -81*k = -77*k - h. Suppose -k - 14 = -j. List the prime factors of j.
3, 5
Suppose 0 = -13*s - 30 - 22. What are the prime factors of 578 + (s - -4) + (-6)/6?
577
List the prime factors of ((-2382)/(-7))/(((-782)/(-483))/34).
2, 3, 397
Suppose 679 = w + 5*o + 174, 5*o = w - 545. List the prime factors of (32/5)/(7/w).
2, 3, 5
Suppose 0 = 15*i - 59 + 314. Let u(o) = o**3 + 20*o**2 - 14*o + 6. What are the prime factors of u(i)?
11, 101
What are the prime factors of (-3)/16*12*1869688/(-87)?
2, 3, 8059
Let z = 125536 - 59598. List the prime factors of z.
2, 32969
Let g(r) = -73*r - 8. Let l = -73 + 25. Let m = l + 46. List the prime factors of g(m).
2, 3, 23
Suppose -4*d + 131 = n, -3*d + 5*n + 14 = -67. Let i(a) = 2*a**2 - 26*a - 29. What are the prime factors of i(d)?
1187
Let i be 48/(-192) - 1365/(-4). Let j = -45 + i. What are the prime factors of j?
2, 37
Suppose 2*x - 5*d - 67312 = 0, -d = 11*x - 6*x - 168253. What are the prime factors of x?
3, 3739
Let u = 13 - 9. Suppose -u*z = 2*x - 1134, 8 + 2 = 2*x. What are the prime factors of z?
281
Suppose -4*k + x + 24 = 0, -x = 3*k + 4*x + 5. Let i = -199 + 278. Suppose c + m - 2*m - i = 0, 0 = -k*m. What are the prime factors of c?
79
Let x(a) = -a**2 - 17*a - 43. Let n(o) = -12*o**3 - 3*o**2 + 2*o. Let l be n(1). Let w be x(l). Suppose -w*m + 10*m = 129. What are the prime factors of m?
3, 43
Suppose -30*w = 41*w + 42*w - 68026. List the prime factors of w.
2, 7, 43
Let s(i) = 1356*i**3 - 3*i**2 - 3*i + 8. List the prime factors of s(2).
2, 5419
Let y be (-232)/60 - 16/120. What are the prime factors of -62*-1*(8/y - -3)?
2, 31
List the prime factors of (-1 + (-6884)/(-8))*102/9.
3, 17, 191
Suppose 69*i - 28*i + 19024 = 0. Suppose 0 = -4*x + x - 2253. Let f = i - x. What are the prime factors of f?
7, 41
Let z(q) = -34*q**3 + 2*q**2 - 162*q - 1487. What are the prime factors of z(-10)?
13, 19, 139
Let y(o) = -46*o - 70. Let u(f) = 31*f + 47. Let q(l) = -7*u(l) - 5*y(l). Let t be q(18). Let p = t + -122. What are the prime factors of p?
7, 19
Suppose -329*k - 4*j - 56584 = -333*k, 2*j - 14131 = -k. List the prime factors of k.
79, 179
Suppose 4*f - 176*h + 171*h = 76978, 4*f + h - 76942 = 0. What are the prime factors of f?
19237
Let s(j) = -1662*j + 28. List the prime factors of s(-7).
2, 7, 17
Suppose 23*x = -19*x + 55*x - 167921. List the prime factors of x.
12917
Suppose -8*i + 312885 = -9*i + 18*i. What are the prime factors of i?
3, 5, 409
Let s = -28665 - -56975. List the prime factors of s.
2, 5, 19, 149
Suppose -90*a = -119*a + 342287. List 